{"id":2323,"date":"2023-06-21T17:46:54","date_gmt":"2023-06-21T15:46:54","guid":{"rendered":"http:\/\/gtvbfc.com\/?page_id=2323"},"modified":"2023-06-21T17:59:48","modified_gmt":"2023-06-21T15:59:48","slug":"referentiel-des-maladies-declassees","status":"publish","type":"page","link":"https:\/\/gtvbfc.com\/index.php\/referentiel-des-maladies-declassees\/","title":{"rendered":"R\u00e9f\u00e9rentiel des Maladies D\u00e9class\u00e9es"},"content":{"rendered":"<div data-colibri-id=\"2323-c1\" class=\"style-2041 style-local-2323-c1 position-relative\">\n  <!---->\n  <div data-colibri-component=\"section\" data-colibri-id=\"2323-c2\" id=\"custom\" class=\"h-section h-section-global-spacing d-flex align-items-lg-center align-items-md-center align-items-center style-2042 style-local-2323-c2 position-relative\">\n    <!---->\n    <!---->\n    <div class=\"h-section-grid-container h-section-boxed-container\">\n      <!---->\n      <div data-colibri-id=\"2323-c3\" class=\"h-row-container gutters-row-lg-2 gutters-row-md-2 gutters-row-0 gutters-row-v-lg-2 gutters-row-v-md-2 gutters-row-v-2 style-2043 style-local-2323-c3 position-relative\">\n        <!---->\n        <div class=\"h-row justify-content-lg-center justify-content-md-center justify-content-center align-items-lg-stretch align-items-md-stretch align-items-stretch gutters-col-lg-2 gutters-col-md-2 gutters-col-0 gutters-col-v-lg-2 gutters-col-v-md-2 gutters-col-v-2\">\n          <!---->\n          <div class=\"h-column h-column-container d-flex h-col-lg-auto h-col-md-auto h-col-auto style-2044-outer style-local-2323-c4-outer\">\n            <div data-colibri-id=\"2323-c4\" class=\"d-flex h-flex-basis h-column__inner h-px-lg-2 h-px-md-2 h-px-2 v-inner-lg-2 v-inner-md-2 v-inner-2 style-2044 style-local-2323-c4 position-relative\">\n              <!---->\n              <!---->\n              <div class=\"w-100 h-y-container h-column__content h-column__v-align flex-basis-100 align-self-lg-start align-self-md-start align-self-start\">\n                <!---->\n                <div data-colibri-id=\"2323-c5\" class=\"h-row-container gutters-row-lg-1 gutters-row-md-1 gutters-row-0 gutters-row-v-lg-1 gutters-row-v-md-1 gutters-row-v-1 colibri-dynamic-list style-2045 style-local-2323-c5 position-relative\">\n                  <!---->\n                  <div data-colibri-component=\"masonry\" class=\"h-row justify-content-lg-start justify-content-md-start justify-content-start align-items-lg-stretch align-items-md-stretch align-items-stretch gutters-col-lg-1 gutters-col-md-1 gutters-col-0 gutters-col-v-lg-1 gutters-col-v-md-1 gutters-col-v-1 style-2045-row style-local-2323-c5-row\">\n                    <!---->\n        <div class=\"h-column h-column-container d-flex h-col-lg-3 h-col-md-6 h-col-12 post-2336 post type-post status-publish format-standard has-post-thumbnail hentry category-maladies-declassees masonry-item style-2046-outer style-local-2323-c6-outer\"><div data-colibri-id=\"2323-c6\" class=\"d-flex h-flex-basis h-column__inner h-px-lg-2 h-px-md-2 h-px-2 v-inner-lg-2 v-inner-md-2 v-inner-2 style-2046 style-local-2323-c6 position-relative\"> <div class=\"w-100 h-y-container h-column__content h-column__v-align flex-basis-100 align-self-lg-start align-self-md-start align-self-start\"> <div data-href=\"https:\/\/gtvbfc.com\/index.php\/2023\/06\/21\/maladie-vesiculeuse-des-suides\/\" data-colibri-component=\"link\" data-colibri-id=\"2323-c7\" class=\"colibri-post-thumbnail colibri-post-has-thumbnail style-2047 style-local-2323-c7 h-overflow-hidden position-relative h-element\"><div class=\"h-global-transition-all colibri-post-thumbnail-shortcode style-dynamic-2323-c7-height\">            <a href=\"https:\/\/gtvbfc.com\/index.php\/2023\/06\/21\/maladie-vesiculeuse-des-suides\/\" title=\"Maladie v\u00e9siculeuse des suid\u00e9s\">\n\t\t\t\t<img loading=\"lazy\" decoding=\"async\" width=\"250\" height=\"162\" src=\"https:\/\/gtvbfc.com\/wp-content\/uploads\/2023\/06\/cochon2.png\" class=\"attachment-post-thumbnail size-post-thumbnail wp-post-image\" alt=\"\" \/>            <\/a>\n\t\t\t<\/div> <div class=\"colibri-post-thumbnail-content align-items-lg-center align-items-md-center align-items-center flex-basis-100\"><div class=\"w-100 h-y-container\"> <\/div><\/div><\/div><div data-colibri-id=\"2323-c8\" class=\"h-row-container gutters-row-lg-2 gutters-row-md-2 gutters-row-2 gutters-row-v-lg-2 gutters-row-v-md-2 gutters-row-v-2 style-2048 style-local-2323-c8 position-relative\"><div class=\"h-row justify-content-lg-center justify-content-md-center justify-content-center align-items-lg-stretch align-items-md-stretch align-items-stretch gutters-col-lg-2 gutters-col-md-2 gutters-col-2 gutters-col-v-lg-2 gutters-col-v-md-2 gutters-col-v-2\"> <div class=\"h-column h-column-container d-flex h-col-lg h-col-md h-col-auto style-2049-outer style-local-2323-c9-outer\"><div data-colibri-id=\"2323-c9\" class=\"d-flex h-flex-basis h-column__inner h-px-lg-2 h-px-md-2 h-px-2 v-inner-lg-2 v-inner-md-2 v-inner-2 style-2049 style-local-2323-c9 position-relative\"> <div class=\"w-100 h-y-container h-column__content h-column__v-align flex-basis-100 align-self-lg-start align-self-md-start align-self-start\"> <div data-colibri-id=\"2323-c10\" class=\"h-blog-title style-2051 style-local-2323-c10 position-relative h-element\"><div class=\"h-global-transition-all\"><a href=\"https:\/\/gtvbfc.com\/index.php\/2023\/06\/21\/maladie-vesiculeuse-des-suides\/\"><h4 class=\"colibri-word-wrap\">Maladie v\u00e9siculeuse des suid\u00e9s<\/h4><\/a><\/div><\/div><div data-colibri-id=\"2323-c11\" class=\"style-2052 style-local-2323-c11 position-relative h-element\"><div class=\"h-global-transition-all\"><div class=\"colibri-post-excerpt\">La maladie v\u00e9siculeuse des suid\u00e9s (MVS) est une maladie infectieuse et contagieuse, propre aux suid\u00e9s, due \u00e0 un virus de la famille des Picornaviridae. UTILES [&hellip;]<\/div><\/div><\/div><\/div><\/div><\/div><\/div><\/div><div data-colibri-id=\"2323-c12\" class=\"h-row-container gutters-row-lg-2 gutters-row-md-2 gutters-row-2 gutters-row-v-lg-2 gutters-row-v-md-2 gutters-row-v-2 style-2053 style-local-2323-c12 position-relative\"><div class=\"h-row justify-content-lg-center justify-content-md-center justify-content-center align-items-lg-stretch align-items-md-stretch align-items-stretch gutters-col-lg-2 gutters-col-md-2 gutters-col-2 gutters-col-v-lg-2 gutters-col-v-md-2 gutters-col-v-2\"> <div class=\"h-column h-column-container d-flex h-col-lg h-col-md h-col style-2054-outer style-local-2323-c13-outer\"><div data-colibri-id=\"2323-c13\" class=\"d-flex h-flex-basis h-column__inner h-ui-empty-state-container h-px-lg-2 h-px-md-2 h-px-2 v-inner-lg-0 v-inner-md-0 v-inner-0 style-2054 style-local-2323-c13 position-relative\"> <div class=\"w-100 h-y-container h-column__content h-column__v-align flex-basis-100\"> <\/div><\/div><\/div><div class=\"h-column h-column-container d-flex h-col-lg-auto h-col-md-auto h-col-auto style-2056-outer style-local-2323-c14-outer\"><div data-colibri-id=\"2323-c14\" class=\"d-flex h-flex-basis h-column__inner h-px-lg-2 h-px-md-2 h-px-2 v-inner-lg-0 v-inner-md-0 v-inner-0 style-2056 style-local-2323-c14 position-relative\"> <div class=\"w-100 h-y-container h-column__content h-column__v-align flex-basis-auto align-self-lg-center align-self-md-center align-self-center\"> <div data-colibri-id=\"2323-c15\" class=\"h-x-container style-2057 style-local-2323-c15 position-relative h-element\"><div class=\"h-x-container-inner style-dynamic-2323-c15-group\"><span class=\"h-button__outer style-2058-outer style-local-2323-c16-outer d-inline-flex h-element\"><a href=\"https:\/\/gtvbfc.com\/index.php\/2023\/06\/21\/maladie-vesiculeuse-des-suides\/\" data-colibri-id=\"2323-c16\" class=\"d-flex w-100 align-items-center h-button justify-content-lg-center justify-content-md-center justify-content-center style-2058 style-local-2323-c16 position-relative\"> <span>EN SAVOIR<\/span> <span class=\"h-svg-icon h-button__icon style-2058-icon style-local-2323-c16-icon\">\n    <svg version=\"1.1\" xmlns=\"http:\/\/www.w3.org\/2000\/svg\" xmlns:xlink=\"http:\/\/www.w3.org\/1999\/xlink\" id=\"plus-circle\" viewBox=\"0 0 1536 1896.0833\">\n      <path d=\"M1216 960V832q0-26-19-45t-45-19H896V512q0-26-19-45t-45-19H704q-26 0-45 19t-19 45v256H384q-26 0-45 19t-19 45v128q0 26 19 45t45 19h256v256q0 26 19 45t45 19h128q26 0 45-19t19-45v-256h256q26 0 45-19t19-45zm320-64q0 209-103 385.5T1153.5 1561 768 1664t-385.5-103T103 1281.5 0 896t103-385.5T382.5 231 768 128t385.5 103T1433 510.5 1536 896z\"><\/path>\n    <\/svg><\/span><\/a><\/span><\/div><\/div><\/div><\/div><\/div><\/div><\/div><\/div><\/div><\/div>\n      \n      \n        <div class=\"h-column h-column-container d-flex h-col-lg-3 h-col-md-6 h-col-12 post-2333 post type-post status-publish format-standard has-post-thumbnail hentry category-maladies-declassees masonry-item style-2046-outer style-local-2323-c6-outer\"><div data-colibri-id=\"2323-c6\" class=\"d-flex h-flex-basis h-column__inner h-px-lg-2 h-px-md-2 h-px-2 v-inner-lg-2 v-inner-md-2 v-inner-2 style-2046 style-local-2323-c6 position-relative\"> <div class=\"w-100 h-y-container h-column__content h-column__v-align flex-basis-100 align-self-lg-start align-self-md-start align-self-start\"> <div data-href=\"https:\/\/gtvbfc.com\/index.php\/2023\/06\/21\/stomatite-vesiculeuse\/\" data-colibri-component=\"link\" data-colibri-id=\"2323-c7\" class=\"colibri-post-thumbnail colibri-post-has-thumbnail style-2047 style-local-2323-c7 h-overflow-hidden position-relative h-element\"><div class=\"h-global-transition-all colibri-post-thumbnail-shortcode style-dynamic-2323-c7-height\">            <a href=\"https:\/\/gtvbfc.com\/index.php\/2023\/06\/21\/stomatite-vesiculeuse\/\" title=\"Stomatite v\u00e9siculeuse\">\n\t\t\t\t<img loading=\"lazy\" decoding=\"async\" width=\"207\" height=\"162\" src=\"https:\/\/gtvbfc.com\/wp-content\/uploads\/2023\/06\/cheval-1.png\" class=\"attachment-post-thumbnail size-post-thumbnail wp-post-image\" alt=\"\" \/>            <\/a>\n\t\t\t<\/div> <div class=\"colibri-post-thumbnail-content align-items-lg-center align-items-md-center align-items-center flex-basis-100\"><div class=\"w-100 h-y-container\"> <\/div><\/div><\/div><div data-colibri-id=\"2323-c8\" class=\"h-row-container gutters-row-lg-2 gutters-row-md-2 gutters-row-2 gutters-row-v-lg-2 gutters-row-v-md-2 gutters-row-v-2 style-2048 style-local-2323-c8 position-relative\"><div class=\"h-row justify-content-lg-center justify-content-md-center justify-content-center align-items-lg-stretch align-items-md-stretch align-items-stretch gutters-col-lg-2 gutters-col-md-2 gutters-col-2 gutters-col-v-lg-2 gutters-col-v-md-2 gutters-col-v-2\"> <div class=\"h-column h-column-container d-flex h-col-lg h-col-md h-col-auto style-2049-outer style-local-2323-c9-outer\"><div data-colibri-id=\"2323-c9\" class=\"d-flex h-flex-basis h-column__inner h-px-lg-2 h-px-md-2 h-px-2 v-inner-lg-2 v-inner-md-2 v-inner-2 style-2049 style-local-2323-c9 position-relative\"> <div class=\"w-100 h-y-container h-column__content h-column__v-align flex-basis-100 align-self-lg-start align-self-md-start align-self-start\"> <div data-colibri-id=\"2323-c10\" class=\"h-blog-title style-2051 style-local-2323-c10 position-relative h-element\"><div class=\"h-global-transition-all\"><a href=\"https:\/\/gtvbfc.com\/index.php\/2023\/06\/21\/stomatite-vesiculeuse\/\"><h4 class=\"colibri-word-wrap\">Stomatite v\u00e9siculeuse<\/h4><\/a><\/div><\/div><div data-colibri-id=\"2323-c11\" class=\"style-2052 style-local-2323-c11 position-relative h-element\"><div class=\"h-global-transition-all\"><div class=\"colibri-post-excerpt\">La stomatite v\u00e9siculeuse est une maladie contagieuse commune aux bovins, porcins et \u00e9quid\u00e9s, due \u00e0 un virus de la famille des Rhabdoviridae. UTILES Fiche comm\u00e9moratif [&hellip;]<\/div><\/div><\/div><\/div><\/div><\/div><\/div><\/div><div data-colibri-id=\"2323-c12\" class=\"h-row-container gutters-row-lg-2 gutters-row-md-2 gutters-row-2 gutters-row-v-lg-2 gutters-row-v-md-2 gutters-row-v-2 style-2053 style-local-2323-c12 position-relative\"><div class=\"h-row justify-content-lg-center justify-content-md-center justify-content-center align-items-lg-stretch align-items-md-stretch align-items-stretch gutters-col-lg-2 gutters-col-md-2 gutters-col-2 gutters-col-v-lg-2 gutters-col-v-md-2 gutters-col-v-2\"> <div class=\"h-column h-column-container d-flex h-col-lg h-col-md h-col style-2054-outer style-local-2323-c13-outer\"><div data-colibri-id=\"2323-c13\" class=\"d-flex h-flex-basis h-column__inner h-ui-empty-state-container h-px-lg-2 h-px-md-2 h-px-2 v-inner-lg-0 v-inner-md-0 v-inner-0 style-2054 style-local-2323-c13 position-relative\"> <div class=\"w-100 h-y-container h-column__content h-column__v-align flex-basis-100\"> <\/div><\/div><\/div><div class=\"h-column h-column-container d-flex h-col-lg-auto h-col-md-auto h-col-auto style-2056-outer style-local-2323-c14-outer\"><div data-colibri-id=\"2323-c14\" class=\"d-flex h-flex-basis h-column__inner h-px-lg-2 h-px-md-2 h-px-2 v-inner-lg-0 v-inner-md-0 v-inner-0 style-2056 style-local-2323-c14 position-relative\"> <div class=\"w-100 h-y-container h-column__content h-column__v-align flex-basis-auto align-self-lg-center align-self-md-center align-self-center\"> <div data-colibri-id=\"2323-c15\" class=\"h-x-container style-2057 style-local-2323-c15 position-relative h-element\"><div class=\"h-x-container-inner style-dynamic-2323-c15-group\"><span class=\"h-button__outer style-2058-outer style-local-2323-c16-outer d-inline-flex h-element\"><a href=\"https:\/\/gtvbfc.com\/index.php\/2023\/06\/21\/stomatite-vesiculeuse\/\" data-colibri-id=\"2323-c16\" class=\"d-flex w-100 align-items-center h-button justify-content-lg-center justify-content-md-center justify-content-center style-2058 style-local-2323-c16 position-relative\"> <span>EN SAVOIR<\/span> <span class=\"h-svg-icon h-button__icon style-2058-icon style-local-2323-c16-icon\">\n    <svg version=\"1.1\" xmlns=\"http:\/\/www.w3.org\/2000\/svg\" xmlns:xlink=\"http:\/\/www.w3.org\/1999\/xlink\" id=\"plus-circle\" viewBox=\"0 0 1536 1896.0833\">\n      <path d=\"M1216 960V832q0-26-19-45t-45-19H896V512q0-26-19-45t-45-19H704q-26 0-45 19t-19 45v256H384q-26 0-45 19t-19 45v128q0 26 19 45t45 19h256v256q0 26 19 45t45 19h128q26 0 45-19t19-45v-256h256q26 0 45-19t19-45zm320-64q0 209-103 385.5T1153.5 1561 768 1664t-385.5-103T103 1281.5 0 896t103-385.5T382.5 231 768 128t385.5 103T1433 510.5 1536 896z\"><\/path>\n    <\/svg><\/span><\/a><\/span><\/div><\/div><\/div><\/div><\/div><\/div><\/div><\/div><\/div><\/div>\n      \n      \n                    <\/div>\n                <\/div>\n              <\/div>\n            <\/div>\n          <\/div>\n        <\/div>\n      <\/div>\n    <\/div>\n  <\/div>\n<\/div>","protected":false},"excerpt":{"rendered":"","protected":false},"author":1,"featured_media":0,"parent":0,"menu_order":0,"comment_status":"closed","ping_status":"closed","template":"page-templates\/full-width-page.php","meta":{"footnotes":""},"class_list":["post-2323","page","type-page","status-publish","hentry"],"_links":{"self":[{"href":"https:\/\/gtvbfc.com\/index.php\/wp-json\/wp\/v2\/pages\/2323","targetHints":{"allow":["GET"]}}],"collection":[{"href":"https:\/\/gtvbfc.com\/index.php\/wp-json\/wp\/v2\/pages"}],"about":[{"href":"https:\/\/gtvbfc.com\/index.php\/wp-json\/wp\/v2\/types\/page"}],"author":[{"embeddable":true,"href":"https:\/\/gtvbfc.com\/index.php\/wp-json\/wp\/v2\/users\/1"}],"replies":[{"embeddable":true,"href":"https:\/\/gtvbfc.com\/index.php\/wp-json\/wp\/v2\/comments?post=2323"}],"version-history":[{"count":3,"href":"https:\/\/gtvbfc.com\/index.php\/wp-json\/wp\/v2\/pages\/2323\/revisions"}],"predecessor-version":[{"id":2345,"href":"https:\/\/gtvbfc.com\/index.php\/wp-json\/wp\/v2\/pages\/2323\/revisions\/2345"}],"wp:attachment":[{"href":"https:\/\/gtvbfc.com\/index.php\/wp-json\/wp\/v2\/media?parent=2323"}],"curies":[{"name":"wp","href":"https:\/\/api.w.org\/{rel}","templated":true}]}}